 a. What is the units digit of t?
9
Suppose -4*g = -4*c + 12220, 0 = 5*c + 5*g - 13576 - 1719. What is the tens digit of c?
5
Suppose -28*k + 134464 = 16*k. What is the thousands digit of k?
3
Suppose 5*w = -5*l + 3*w + 27, -w + 11 = 2*l. Let y be (-50)/15*(-9)/l. Suppose -4*p = -y*p + 24. What is the units digit of p?
2
Let v be 1*(23 - (2 + 0)). Let p(t) = 2*t**2 + t + 3. Let a be p(3). Suppose v = 3*f - a. What is the tens digit of f?
1
Let l be -5 + 2 + 2*148/2. What is the tens digit of 5191/l - (1 + (-12)/10)?
3
Suppose 6*m - 12 = -0. Suppose -x - 2*t - 40 = -3*x, 3*x = -m*t + 75. What is the units digit of x?
3
Suppose 2*d = -2*a - 0*a - 4, -2*a - 2 = 3*d. Suppose -4*t - d*g + 35 + 19 = 0, t + 4*g = 24. What is the units digit of t?
2
Let w(c) = 3*c**3 - 17*c**2 - 12*c + 2. What is the units digit of w(9)?
4
Let x(l) = 3*l + 18. Suppose 5*k + 145 = -0*k. Let g = k + 36. What is the tens digit of x(g)?
3
Suppose -4*l + 9 = -7. Suppose 72 = 5*s + l*y, -5*s - 25 = -y - 82. Suppose -3*d + 40 = 2*m - s, 2*m + 2*d - 50 = 0. What is the tens digit of m?
2
Suppose -h - 29 = -35. Suppose -511 = -h*z - z. What is the tens digit of z?
7
Suppose 11 = -5*k - 2*u, 9*u = 5*k + 4*u + 25. What is the tens digit of k - (0 - (1 - -31))?
2
Let y = -1 - -526. What is the hundreds digit of y?
5
What is the tens digit of 91*7 + (-5 - -1) + -2?
3
Let i be (-14)/(-6) + (-2)/6. Let r be (-76)/14 + (-18)/(-42). What is the units digit of 72/i - (r + 6)?
5
Let m be (-32)/(-6) + (-4)/12. Suppose 0 = -0*k - k + 112. Suppose 2*z + 5*g - k = 0, 0 = z + m*g - 0*g - 46. What is the tens digit of z?
6
Let s(i) = -522*i + 110. What is the tens digit of s(-4)?
9
Let h(t) = t**3 + 7*t**2 - 17*t + 18. Suppose v = -5*u - 50, -17 = 5*u - 4*v + 8. What is the units digit of h(u)?
9
Suppose 5*m - m - 180 = 0. Suppose -m = 6*n - 11*n. Suppose 11*o - n*o = 92. What is the tens digit of o?
4
Let y = -26 + 31. Suppose -k = -y, -3*z + 5*k = 2*z - 100. What is the tens digit of z?
2
Suppose 5*z = 5 + 20. Let j(q) = -2 - q**2 - 33*q + 62*q - 18*q. What is the units digit of j(z)?
8
Let z = 749 - 141. What is the tens digit of (-1)/(-5) - (-3)/(30/z)?
6
Suppose 14*o - 6 = 12*o. Suppose 0 = 4*s - 20, o*d + 4*s = 445 + 385. What is the hundreds digit of d?
2
Let z be 291/3*(-5 + 6). Suppose -119 = -5*w - 4*f, 4*w - z = -8*f + 3*f. What is the units digit of w?
3
Suppose -14 = -2*y - 2*m - 2*m, 4*m - 8 = 0. Let q be 2/y*1*6. Suppose -q*l + 115 = -69. What is the tens digit of l?
4
Suppose -4 = 3*m - 16. Suppose -m*k + 0*k = -16, 5*k = -4*s + 152. Suppose -s = 2*u - 5*u. What is the units digit of u?
1
What is the hundreds digit of -308*19/(1330/(-540))?
3
Let o = -311 - -505. Suppose 0 = -3*r + 12, 5*r - o = -2*j + 2*r. What is the tens digit of j?
9
Suppose -2*h + 3*s + 15 = 0, 8 + 7 = -5*s. Suppose q = -h*g + 656, 5*g - 1100 = -0*q - 5*q. What is the tens digit of g?
1
Let p = 8 - 8. Suppose k - 91 - 32 = p. What is the tens digit of k?
2
Let u(x) = 13*x - 4. Let w(j) = j**3 - j**2 + 4*j - 5. Let o be w(2). What is the tens digit of u(o)?
8
Let y(h) = h**3 + 22*h**2 - 6*h + 41. What is the units digit of y(-21)?
8
Let f(b) = 5*b**2 + 5*b + 6. What is the hundreds digit of f(-7)?
2
Let a(o) = -o**3 - 6*o**2 - 7*o - 3. Let s = 1 - -4. Suppose s = -3*c - 10. What is the units digit of a(c)?
7
Let g(d) = -d**3 - 6*d**2 + 5*d + 2. Let v be g(-3). What is the units digit of (v/4)/(-2) + 2?
7
Let p(d) = -2*d + 31. Let i(b) = b - 15. Let m(s) = 7*i(s) + 3*p(s). Let f be m(8). What is the units digit of ((-3)/f)/(2/8)?
3
Suppose 15*f - 2034 - 2466 = 0. What is the units digit of f?
0
Suppose 12*c = 378 + 8226. What is the tens digit of c?
1
Let x(p) = 114*p + 34. What is the tens digit of x(6)?
1
Let a(i) = 8*i**2 + 0*i**3 + i**3 - 2 + 4*i + 0*i + 3*i**2. Let y be a(-10). Let m = y + -32. What is the units digit of m?
6
Let x be (-54)/(-24) + 44/16 + -3. Suppose -3*h + 3*o + o + 525 = 0, 5*o = -4*h + 700. Suppose -3*k = x*k - h. What is the units digit of k?
5
Let c(h) = 6 + 18*h**2 - 7*h**2 + 20*h - 1. Let p be c(-15). What is the tens digit of p/35 + (-6)/21?
6
Let h be (-18)/(-24) - 5 - 6/8. What is the units digit of h/(-15)*(-1 - -280)?
3
Let v(a) = -a**3 - 7*a**2 + 9*a - 3. Let f be v(-8). Let r be f/(1/(-1)) + 1. Let k = -11 + r. What is the units digit of k?
1
Suppose 0 = -p + 2*p + 13. Suppose 3*j + 152 = 5. Let n = p - j. What is the tens digit of n?
3
Let y = 2262 - 1058. What is the thousands digit of y?
1
Let d(w) be the third derivative of w**6/24 - w**5/120 - w**4/24 + w**3 - 5*w**2. Let o(j) be the first derivative of d(j). What is the units digit of o(-1)?
5
Suppose 0*d - 5*d - 25 = 0. Let f(t) = -t**3 - 4*t**2 - t - 6. What is the units digit of f(d)?
4
Let z(n) = 2*n**3 + 2*n**2 - 2*n - 1. Let g be z(1). What is the units digit of 42 + -1 - g - 60/(-15)?
4
Let o = -45 - -57. What is the units digit of (-524)/(-26) - o/78?
0
Let l(k) = -k**3 - 21*k**2 - 4*k + 43. Let p be l(-21). Suppose -4*o = -4*x + 1052, -x - 2*o + 405 = p. What is the hundreds digit of x?
2
Let t(z) = 17*z**2 + 16*z + 108. What is the units digit of t(-5)?
3
Suppose -r = -3*l - 99, r + l = -3*l + 92. What is the units digit of r?
6
Let x(s) = 3*s**3 + 21*s**2 - 19*s + 18. Let c(b) = 2*b**3 + 11*b**2 - 10*b + 9. Let k(q) = -5*c(q) + 3*x(q). What is the units digit of k(6)?
9
Let m = 109 - 96. Suppose 2 = -3*x - m, 3*i = -2*x + 302. What is the tens digit of i?
0
Let l = 16 + -23. Let y(r) = r**2 + 5*r + 3. Let p be y(l). Suppose 31 = 4*n - p. What is the tens digit of n?
1
Suppose 3*p - 3 = -3*l + l, p = -l + 3. Suppose 2*v + 64 = l*v. What is the units digit of v?
6
Let n be (-2 + 3)*(-266)/(-2). Let k be (-69)/1*1 + -3. Let r = n + k. What is the units digit of r?
1
Let y(s) = 114*s + 4. Let k be y(-4). Let f = -313 - k. What is the hundreds digit of f?
1
Suppose 2*i + 1 = 5*q, -i + 5*q + 0 = 3. Suppose -5*y - i*t = t - 238, -2*y = 3*t - 88. What is the units digit of y?
0
Let c be (-5 - 7)*(2 - 0). What is the units digit of 12/9*(-18)/c?
1
Suppose 0 = -y - f + 3*f + 18, -46 = -3*y + 2*f. Let u = y - 0. Suppose 2*c - 3*c = 2*m - 18, 2*m = c - u. What is the tens digit of c?
1
Suppose 1155 = 2*k + 3*b, -4*k - 3*b - 64 + 2371 = 0. What is the tens digit of k?
7
Suppose 0 = -5*i - 2*y + 2708, 3*i + 3*y + 1608 = 6*i. What is the tens digit of i?
4
What is the thousands digit of (-18)/189 - (-45490)/42?
1
Suppose 0 = -4*c - 5*v + 1060, -c + 6*c + 5*v = 1330. What is the tens digit of c?
7
Suppose -7*q + 2*q = -4*i + 8, 3*q = -i - 15. What is the tens digit of (30/q)/(9/(-30))?
2
What is the hundreds digit of 69*5 + 180/(-36)?
3
Let y(v) = 6*v**2 + 51*v + 98. What is the tens digit of y(-19)?
9
What is the hundreds digit of (6/5)/((-15)/(-1575))?
1
Let i(v) = v**3 + 6*v**2 - 6*v + 4. What is the tens digit of i(7)?
9
Let w(o) = -3*o**3 + 12*o**2 + 6*o + 12. Let v(t) = t**3 - t**2 - 1. Let q(a) = 4*v(a) + w(a). What is the units digit of q(-6)?
4
Let c(f) = -11*f**3 - 27*f - 51. What is the hundreds digit of c(-5)?
4
Let v = -1351 + 2112. What is the units digit of v?
1
Let h be -3 - 28/((-16)/4). Suppose -23 = -h*g - 7. Suppose 3*j - 84 = -g*j. What is the tens digit of j?
1
Let n = 417 - -648. What is the thousands digit of n?
1
Suppose 2*t - 578 = -2*b, t - 857 = -3*b - 4*t. Suppose -2*x = -2*p - b, 3*x - 450 = 4*p - 13. What is the units digit of x?
1
Suppose -2442 = -3*k - 19*k. Let l = 175 + k. What is the hundreds digit of l?
2
Let f = -12 + 1. Let n = -10 - f. What is the tens digit of 2/n - (-15 + -1)?
1
Suppose 13*z = 5*l + 9*z - 2991, 0 = 3*l + 3*z - 1773. What is the tens digit of l?
9
Let t(i) be the first derivative of i**4/4 - 4*i**3 - 7*i**2 + 18*i + 4. Let l be t(13). Suppose 0*h = -l*h + 190. What is the units digit of h?
8
Suppose 0 = -23*q + 10662 - 1899. What is the tens digit of q?
8
Suppose -17188 = -4*c - 2*g, c - 3*g - 2717 = 1594. What is the hundreds digit of c?
2
Let b(k) = -k**2 + 3*k + 6. Let z be b(4). Suppose -z*y + 26 + 2 = 0. What is the tens digit of y?
1
Suppose 10*j - 14*j + 16 = 0. Suppose -o - 3*r = 3, 0*o - j*o + r + 1 = 0. Suppose o*l + 5*l = 275. What is the units digit of l?
5
Let t = -334 - -823. What is the units digit of t?
9
Let j = -12 - 0. What is the units di